0 is divided by 864?
50
Calculate the remainder when 29117 is divided by 890.
637
Calculate the remainder when 499582 is divided by 96.
94
What is the remainder when 6024 is divided by 848?
88
What is the remainder when 44078 is divided by 232?
230
What is the remainder when 233927 is divided by 108?
107
What is the remainder when 210882 is divided by 105435?
12
Calculate the remainder when 594 is divided by 399.
195
What is the remainder when 299 is divided by 141?
17
What is the remainder when 19269 is divided by 41?
40
What is the remainder when 19293 is divided by 1366?
169
Calculate the remainder when 5014 is divided by 1000.
14
What is the remainder when 12494 is divided by 12400?
94
Calculate the remainder when 6671 is divided by 174.
59
What is the remainder when 20355 is divided by 88?
27
Calculate the remainder when 51536 is divided by 615.
491
What is the remainder when 4751296 is divided by 278?
276
Calculate the remainder when 11617 is divided by 23.
2
What is the remainder when 158169 is divided by 21?
18
What is the remainder when 12649 is divided by 899?
63
What is the remainder when 62210 is divided by 475?
460
What is the remainder when 38280 is divided by 4785?
0
Calculate the remainder when 1295 is divided by 156.
47
Calculate the remainder when 753 is divided by 206.
135
What is the remainder when 1332794 is divided by 1088?
1082
Calculate the remainder when 1835729 is divided by 390.
389
What is the remainder when 3042 is divided by 15?
12
Calculate the remainder when 2305 is divided by 459.
10
What is the remainder when 369523 is divided by 1315?
8
Calculate the remainder when 8655 is divided by 2833.
156
Calculate the remainder when 62477 is divided by 29.
11
Calculate the remainder when 5945 is divided by 54.
5
Calculate the remainder when 42381 is divided by 38.
11
Calculate the remainder when 12522 is divided by 101.
99
What is the remainder when 1277216 is divided by 29?
27
Calculate the remainder when 2538 is divided by 282.
0
Calculate the remainder when 118614 is divided by 13178.
12
What is the remainder when 276372 is divided by 438?
432
Calculate the remainder when 1198 is divided by 1148.
50
Calculate the remainder when 148678 is divided by 16519.
7
What is the remainder when 1339 is divided by 6?
1
What is the remainder when 981357 is divided by 30?
27
What is the remainder when 290562 is divided by 68?
66
What is the remainder when 47191 is divided by 20?
11
What is the remainder when 25872 is divided by 244?
8
Calculate the remainder when 1327 is divided by 394.
145
Calculate the remainder when 279439 is divided by 1851.
1789
What is the remainder when 2497 is divided by 449?
252
What is the remainder when 157638 is divided by 261?
255
Calculate the remainder when 6969 is divided by 2281.
126
What is the remainder when 596878 is divided by 90?
88
What is the remainder when 370124 is divided by 370124?
0
What is the remainder when 3489 is divided by 846?
105
Calculate the remainder when 129904 is divided by 163.
156
Calculate the remainder when 8544 is divided by 234.
120
What is the remainder when 17049 is divided by 19?
6
What is the remainder when 27581 is divided by 9177?
50
What is the remainder when 30157 is divided by 15?
7
What is the remainder when 10925 is divided by 27?
17
What is the remainder when 4881 is divided by 1877?
1127
Calculate the remainder when 25852 is divided by 1414.
400
What is the remainder when 18460 is divided by 1193?
565
Calculate the remainder when 349970 is divided by 1228.
1218
Calculate the remainder when 15014 is divided by 2939.
319
What is the remainder when 1083 is divided by 209?
38
What is the remainder when 1159 is divided by 879?
280
What is the remainder when 2147 is divided by 639?
230
What is the remainder when 552 is divided by 291?
261
Calculate the remainder when 4003 is divided by 266.
13
Calculate the remainder when 1147 is divided by 1068.
79
Calculate the remainder when 1558 is divided by 509.
31
Calculate the remainder when 54479 is divided by 2594.
5
Calculate the remainder when 76492 is divided by 671.
669
What is the remainder when 3348 is divided by 156?
72
Calculate the remainder when 46906 is divided by 9319.
311
Calculate the remainder when 2310475 is divided by 602.
601
Calculate the remainder when 35107 is divided by 763.
9
Calculate the remainder when 45507 is divided by 17.
15
Calculate the remainder when 2897 is divided by 668.
225
What is the remainder when 12530 is divided by 932?
414
Calculate the remainder when 74585 is divided by 82.
47
Calculate the remainder when 2231 is divided by 201.
20
Calculate the remainder when 93561 is divided by 15.
6
Calculate the remainder when 281913 is divided by 40.
33
Calculate the remainder when 9860 is divided by 144.
68
What is the remainder when 21151 is divided by 21139?
12
What is the remainder when 22667 is divided by 12?
11
Calculate the remainder when 21956 is divided by 593.
15
What is the remainder when 9486 is divided by 862?
4
Calculate the remainder when 425771 is divided by 22.
5
Calculate the remainder when 298592 is divided by 596.
592
What is the remainder when 23552 is divided by 942?
2
Calculate the remainder when 54878 is divided by 54877.
1
What is the remainder when 1129145 is divided by 564562?
21
Calculate the remainder when 76243 is divided by 148.
23
What is the remainder when 13044 is divided by 895?
514
What is the remainder when 8261 is divided by 4104?
53
Calculate the remainder when 37056 is divided by 27.
12
Calculate the remainder when 29065 is divided by 726.
25
What is the remainder when 842 is divided by 627?
215
What is the remainder when 5436 is divided by 520?
236
Calculate the remainder when 42811 is divided by 192.
187
What is the remainder when 66722 is divided by 767?
760
Calculate the remainder when 1690 is divided by 47.
45
What is the remainder when 31149 is divided by 519?
9
Calculate the remainder when 869 is divided by 412.
45
Calculate the remainder when 1849714 is divided by 346.
344
What is the remainder when 160 is divided by 65?
30
What is the remainder when 4974 is divided by 8?
6
Calculate the remainder when 86898 is divided by 43.
38
Calculate the remainder when 43728 is divided by 53.
3
Calculate the remainder when 1245 is divided by 186.
129
Calculate the remainder when 148154 is divided by 364.
6
Calculate the remainder when 17047 is divided by 369.
73
Calculate the remainder when 26015 is divided by 273.
80
Calculate the remainder when 75453 is divided by 15090.
3
What is the remainder when 66831 is divided by 11?
6
Calculate the remainder when 2259 is divided by 36.
27
What is the remainder when 108831 is divided by 6?
3
Calculate the remainder when 254267 is divided by 63.
62
Calculate the remainder when 39921 is divided by 19911.
99
What is the remainder when 2653 is divided by 1320?
13
Calculate the remainder when 159367 is divided by 144.
103
Calculate the remainder when 123428 is divided by 49.
46
What is the remainder when 4542122 is divided by 25?
22
What is the remainder when 1101 is divided by 217?
16
What is the remainder when 68537 is divided by 385?
7
Calculate the remainder when 20145 is divided by 14.
13
Calculate the remainder when 150235 is divided by 3.
1
What is the remainder when 34405 is divided by 34380?
25
What is the remainder when 7061 is divided by 710?
671
What is the remainder when 28229 is divided by 16?
5
What is the remainder when 709213 is divided by 296?
293
What is the remainder when 2310 is divided by 829?
652
What is the remainder when 8962 is divided by 283?
189
What is the remainder when 16945 is divided by 3?
1
What is the remainder when 226904 is divided by 1304?
8
What is the remainder when 4773164 is divided by 15?
14
Calculate the remainder when 45839 is divided by 15262.
53
Calculate the remainder when 361941 is divided by 151.
145
Calculate the remainder when 100873 is divided by 31.
30
Calculate the remainder when 9841 is divided by 3255.
76
Calculate the remainder when 113294 is divided by 179.
166
What is the remainder when 9980 is divided by 2484?
44
Calculate the remainder when 5223 is divided by 127.
16
What is the remainder when 67473 is divided by 1694?
1407
What is the remainder when